(-14 + (17 - 5) - 64)
53
(114 - 136) + (-1 - -4)
-19
Evaluate (-2 + -14 - -3) + (76 - (-46 + 79)).
30
-21 + 3 - (47 + 10 + -61) - (-9 - 0)
-5
Evaluate 15 + 6 + 103 - 51.
73
Calculate -28 + (-1 - 59) + 65.
-23
Calculate 28 + (-95 - (27 - 25)) - (1 + 11) - -9.
-72
What is (48 + 96 - 103) + (-1 - (-1 + -15))?
56
Calculate (-64 - (-17 + 7 + -6)) + 6.
-42
-9 + 2 + (-21 - (18 + 5) - -10)
-41
What is the value of (-35 - -46) + (-5 - 5) + 6 + -2?
5
What is 33 + 0 - (-446 + 440)?
39
What is the value of -41 + 60 + -73 - -49?
-5
What is the value of -2222 + 2170 - (1 + 2 + -1) - -12?
-42
What is the value of (-12 - -46) + 37 + (-48 - -21)?
44
What is the value of 11 + (-3 - 3) + -12 + 11 + 81?
85
Calculate 66 + 13 + -35 - 36.
8
Evaluate (5 - (28 + -14)) + -23 + 22 - -38.
28
What is the value of 11 + (-34 - 26) + 18 - -24?
-7
Calculate -38 + (-43 - (62 + -91)).
-52
What is the value of 0 + 5 + -7 + -34 + 26 - -56?
46
What is 20 + (11 - (13 - (4 - 3) - (-11 + 7)))?
15
Evaluate (-7 - (-10 - -29) - -26) + -3.
-3
Calculate (30 - (-28 + 26)) + -33 - 2.
-3
Calculate -114 + (-113 - (-10 - 129)).
-88
What is the value of -7 - -35 - 29 - (-28 - -1)?
26
Evaluate (283 - 281 - (-29 - 0)) + -110.
-79
Calculate 1 + 2 - ((-19 - (38 + -124)) + -28).
-36
(15 + -13 - -9) + -9 + (-3 - -1 - -58)
58
What is -3 + 14 + -92 + 48 + 2 + 14?
-17
What is (-94 - (-124 + 30)) + 74?
74
(0 + 1 - -26) + (-16 - -27) + 3 + -23
18
What is -11 - ((-12 - (-10 + -4 + -4) - -57) + -5)?
-69
What is (11 - (13 + (-9 - 7))) + (3 - 15)?
2
Evaluate -27 + (4 - -12) + 19 - 97.
-89
What is the value of 22 + (5 - 13) + (-17 - -6)?
3
62 + 33 + -30 + -17
48
Evaluate (-13 - (-3 - 116) - (1 - (9 + -4))) + -13.
97
Evaluate 1 + (49 - (10 + 3)) + (7 - -4 - 5).
43
-6 + 2 + -1 + (-10 - (-50 + 16))
19
-1 - 21 - (0 - -82 - 61) - -4
-39
Evaluate -3242 + 3185 - (59 - -2).
-118
What is the value of 32 + 35 - 114 - -16?
-31
Calculate (46 - -2 - 5) + -2 + -34.
7
What is the value of 7 + 23 - 35 - (-50 - 2)?
47
Evaluate 44 - ((29 - -29) + 13).
-27
Evaluate 0 + 13 - (5 + (-28 - (-59 - -16))).
-7
Calculate -43 - 23 - (0 + -6 + 4 - (-24 - -27)).
-61
Evaluate (6 + -6 + 1 - -15) + 6 + -120 + 110.
12
What is (-8607 - -8559) + 0 + (-1 + 11 - -2)?
-36
What is the value of -98 + 183 + -33 + 5?
57
What is 24 + -1 + 3590 + -3628?
-15
What is -94 + 106 + -8 + -10 + 17?
11
What is the value of -13 + (44 + -57 - -44)?
18
Calculate (-264 - -240) + (-2 - -55) + (0 + 14 - 2).
41
Calculate 116 - (117 - 155 - -209).
-55
What is the value of 11509 + -11436 - (6 + -1)?
68
Evaluate (0 - 4) + 102 + -110 - -17 - (-131 + -8).
144
1 - ((57 - -25 - (6 - -11)) + 2)
-66
(-27 - -85 - 22) + -76
-40
Evaluate -8 - (-1 - 2) - (-27 + -14 + 28).
8
What is the value of (53 - 0) + 0 + 1 - (-198 + 194)?
58
(4 - ((9 - (8 + 5)) + 13) - 1) + -95
-101
What is the value of 3 - ((3 - (-6 + -3 + 3)) + (58 - 12))?
-52
Calculate 34 - -166 - (151 + 15).
34
Evaluate 109 - (72 + 37 + -45).
45
-1 - 18 - (45 - (-41 + 21 + 57))
-27
What is the value of 18 + -95 + 53 - -68?
44
-20 - (34 - (-10 + 30) - 23)
-11
(-3 - -8) + -51 - (8 + (-18 - -11 - -1))
-48
Evaluate -4 - (1 + 9 - (-23 + 39 + -20 + -6)).
-24
11 + (-2 + 3 - (53 - (37 - -18)))
14
Evaluate (2 - 1) + 11 - (2 - ((3 - 2) + -6)).
5
Calculate -161 - (-205 + 58) - (2 - (0 - -81)).
65
113 - 59 - (19 - -6)
29
Calculate (-5 - (-67 + 32)) + (-2 - 3) - 0.
25
Evaluate 96 + 20 + -75 + 35.
76
What is the value of -2 + 2 - (-19 + 34 + -6 + 3)?
-12
-24 + 57 + (9 - 40)
2
What is (3 - -14) + -8 + -27 + -14?
-32
What is (-2 - -85) + (68 - 138)?
13
Calculate -36 - -27 - ((55 - -6) + 40).
-110
What is the value of -16 + (-7 - (-3 + -13)) + -8?
-15
What is the value of (-133 - -52 - -27) + 14 + 1 + 11?
-28
(61 + -12 - (4 + 19)) + -28
-2
What is the value of 50 - (4 - 6) - (3 - (7 + -6 + -2))?
48
Evaluate -63 + -5 - (56 - (-37 - -99)).
-62
(-29 - -3) + -3 - (-2 + (3 - (16 + -13)))
-27
1 + -94 + (69 - (65 + -24))
-65
What is the value of (1 - 1) + (1 - -127) + (-392 + -50 - -435)?
121
Evaluate (-52 - -64 - 34) + 113.
91
What is the value of (-5 + 1 - 9) + (40 - 7 - 21)?
-1
Calculate (3501 - 3563) + -1 + 43.
-20
What is the value of 4 + (15 - 21) + 14 - (31 + -42)?
23
What is the value of (153 - -10) + 44 + (-125 - -34)?
116
What is the value of 62 + -3 + 1 + (-6776 - -6772)?
56
Evaluate -115 + (-26 - -19) + 41.
-81
What is the value of 23 + (0 + -17 - 12 - 0)?
-6
Calculate (-8 - -4) + -3 + -7 + 5 + -5 + 8.
-6
Calculate -36 + 101 + -36 - -7.
36
Evaluate 0 - 0 - (15 - ((-31 - -23 - -21) + -27)).
-29
What is 9 + (-16 - (18 + -60 - -7))?
28
(-10 - -16) + 1 + -13 + 6 + 7 - 68
-61
24 - (47 + -18 + 5 + 3)
-13
Evaluate -41840 + 41886 - (2 + (0 + 2 - -4) - 1).
39
2237 + -2326 + 1 + 23 - 30
-95
What is (-124 + 140 - (1 + -2 + 13)) + -10?
-6
Evaluate 24 - ((21 - -2) + -59).
60
Calculate -23 + -2 + (0 - -7) + (23 - 16).
-11
-18 + (-1 - 2) - (198 + -262)
43
What is (13 - (0 + -2)) + (-165 - -157) + 4 + -51?
-40
What is the value of (28 - 41) + 5 + 56 + 2 + -11?
39
-3 + -2 + (-11 - (-8 + -3) - (-99 + 13))
81
Evaluate (3 - 75) + -104 + 122 + -19.
-73
Evaluate (-5 - (-12 - -15 - -8) - -24) + -114.
-106
91 + -14 - (-6 + -2 + -45 + 36)
94
Calculate -61 + (-26 - (-46 - -3)) + -11 + -2.
-57
Evaluate (13 - 19) + -34 + 17 + 16 + 28 + -1.
20
-4 - (-31 + 46 + -17) - -52
50
Evaluate 135 + -19 + (8 - 18) + -22.
84
What is (12 - 20) + 46 + (-6 - -14 - 22)?
24
7 + (-14 + 2 + (-42 - -42) - 1)
-6
Calculate -160 + (66 + -10 - -8).
-96
Evaluate -5 + (-2 + 15 - (940 + -978)).
46
Evaluate -70 - -30 - (-45 - (-3 + -30)).
-28
Evaluate 3 - -106 - (-439 - -524).
24
-11 + 14 + -7 + (-13 + 9 - -50 - -4)
46
What is (-27 - -28) + 6 + (3 - 6)?
4
(-24 + 18 - -5) + 3 - -10
12
Evaluate (4 + (-9 - (-17 - -11)) - -108) + (-1 - 3).
105
What is -20 - -10 - (-8 + -1 - (31 + -54 - -77))?
53
What is (-2 - 63) + (131 - 393) + 300?
-27
What is -2 + (43 - (37 + -21) - -8)?
33
Evaluate (114 - 2) + (-16 - (0 - 8)) - (131 - 126).
99
Evaluate 108 + -224 + 221 - 50.
55
Calculate 103 - (4 + 238) - -110.
-29
What is the value of (-4 - -35) + -40 + (1 - -1) + 48 - -4?
45
What is the value of -30 - (0 - 7) - (-231 + 212)?
-4
Calculate 5 + -5 + (-5 - -4) + -1 - 29 - 8.
-39
-26 + 36 + -103 - (41 + -82)
-52
What is the value of -21 + 138 + -63 + -1 + 6?
59
Evaluate 504 + -466 - (19 - -1) - 59.
-41
-20 - (62 + -32 - 51) - (1 - (-2 - 80))
-82
Calculate 4 + (2 - (8 - 8 - (-7 - -14)) - -50).
63
Evaluate (-11 - -17) + 6 + 4 + -80 + 18.
-46
(31 - 158) + 101 - 117
-143
What is the value of 15 + 1 + -4 + (-86 - -110)?
36
Evaluate -1 - (-33 + -36 + 13 + 59).
-4
What is the value of -16 - (-33 - 18) - -1 - 174?
-138
What is the value of 49 - ((-21 - -89) + -31) - (-1 + 25)?
-12
-23 - (28 - 62 - -8) - -110
113
Evaluate 38 - (61 + -22 - -29).
-30
What is -239 + 130 - (80 - 179)?
-10
Evaluate 111 + -78 + 87 + -137.
-17
Evaluate (-9 - 1) + 61 + -8.
43
What is the value of 106 - 120 - (104 + (-5 - 1) + 5 + -6)?
-111
-89 - (-25 - -5 - (188 + -217))
-98
Evaluate -544 + 557 - (22 + -14 - (1 - 102)).
-96
Evaluate (-7 - 41 - -46) + -42 + 2 + (-1 - -3).
-40
What is the value of -7 + -4 + 17 - (1 - -6 - (-93 - -126))?
32
Calculate -2 - (2 + 50) - (32 + 12 + -41) - 12.
-69
What is the value of (2 - 5) + -41 + -3 + (15 - 3 - 19)?
-54
What is the value of -12 - ((3 - (-5 + 14)) + (40 - -5))?
-51
-44 - (-105 - -78 - (-30 - 5))
-52
What is 28 + (-4 - (18 + (-2 - 12)))?
20
What is the value of -7 + ((0 - -4) + 8 - (-131 + 153))?
-17
(17 - 57) + (-340 - -347)
-33
What is 1 - (-1 + 1) - (-151 + -116 - -261)?
7
Calculate (-45 - -37 - (-93 + 3)) + (-29 - -21) - -12.
86
What is -48 + 71 + 27 + -16 + 23?
57
-12 + (22 - (57 - 69)) + 0 + 5
27
Calculate 87 + -129 - (-4 + -1).
-37
What is the value of (31 + -26 - 19) + (8 - (30 + -3))?
-33
What is (18 - (-21 + 24 + -2) - 29) + 21?
9
150 - (103 - (98 - 13))
132
Evaluate (-48 - (-13 + 7) - (-7 + 4)) + (39 - 41).
-41
-14 + (-47 - -78) + 2 + -36
-17
What is the value of 0 + -17 + -1 + -1 + (-19353 - -19309)?
-63
What is (32 - 260 - -222) + (-1 - -34)?
27
4 - 2 - (-1 - -57 - (149 + -133))
-38
What is the value of (39 - (30 + 10)) + 7 + (0 - -1) + -3?
4
Calculate -3 - 4 - (-406 + 401) - (-1 + 36).
-37
Evaluate (685 - 683) + (-30 - -23 - (-29 - -1)).
23
What is the value of (-25 - -7) + 37 - 65